-s - i*v - 14 - 7 = 0, -2*s + 23 = -3*v. Let p(h) = h - 4674 + 4674. What is p(s)?
4
Let i = -11 - -19. Let f(p) = i*p + 17 + 9 - 38 + 8. Give f(-3).
-28
Let f(d) = 1 + 3*d - 3 + d**2 + 0. Suppose 3*a = 4*m + 16, 7*m - 6*m = -5*a - 4. Determine f(m).
2
Suppose 223 + 38 = -29*l. Let v(n) = -n**3 - 9*n**2 - 4*n - 12. Calculate v(l).
24
Let z(h) = 5*h - 1. Let p(f) = -31*f + 4. Let i(g) = 2*p(g) + 10*z(g). Determine i(-5).
58
Let u(r) = r**2 - 7*r. Let w = 35 - 51. Let a = w + 22. Let g be u(a). Let q(l) = l**2 + 7*l + 7. Determine q(g).
1
Let a(d) be the third derivative of -13*d**2 + 0*d + 5/6*d**3 + 0 - 1/12*d**4. Calculate a(5).
-5
Let g = 10 + -11. Let h(t) = 2 - 11*t - 1 + 0*t. Calculate h(g).
12
Let l be (-80)/44 + 2/(-11). Let c = -57 - -59. Let k(a) = -a**c + 3*a**2 + 1 - a**3 + a - a**2 + a**2. Calculate k(l).
15
Let s be 6016/104 + (-2)/(-13). Let a = -60 + s. Let n(i) = -i**2 - i + 1. Determine n(a).
-1
Let x(f) = f**3 - 12*f**2 + 10*f + 8. Let u(s) = -29*s - 772. Let m be u(-27). Determine x(m).
-3
Let n = 6 + -3. Let f(w) = -4*w**3 - 2*w**2 - w - 6. Let c(b) = b**3 + b**2 + 1. Let v(t) = n*c(t) + f(t). What is v(0)?
-3
Let c(f) = 2*f**2 + 3*f + 1. Let j(s) = 1 - 18*s**2 + 55*s**2 - 14*s**2 + 3*s - 21*s**2. Let r(m) = 3*c(m) - 4*j(m). Calculate r(-2).
-3
Suppose 0 = j, 2*j - 10 = -2*o - 0*o. Let k(w) be the first derivative of w**4/4 - 2*w**3 + 3*w**2 - w - 35. Give k(o).
4
Let s(j) = -4*j**2 + j - 10. Let p(i) = 4*i**2 - i + 8. Let v(k) = 4*p(k) + 3*s(k). What is v(3)?
35
Suppose 162 = -36*g + 9*g. Let m(y) = -49*y**2 + 42*y**2 - 2*y - y**3 + 8 - y. Calculate m(g).
-10
Let u(h) = -4*h**2 - 2*h + 6. Let r(b) = -b**2 + 4. Let p(d) = 2*r(d) - u(d). What is p(3)?
26
Let j(p) be the first derivative of -p**4/4 - 5*p**3/3 - p**2/2 - 3*p - 180. Determine j(-4).
-15
Let c(z) = -45*z**2 - 17*z + 140. Let x(q) = -32*q**2 - 11*q + 93. Let k(h) = 5*c(h) - 7*x(h). Determine k(-12).
1
Let g = 197 - 203. Let b(q) = -q**2 - 8*q - 9. What is b(g)?
3
Let s be ((-5)/3)/(3/9). Let v(u) = -28*u + 28. Let z(d) = -39*d + 40. Let x(t) = 7*v(t) - 5*z(t). Determine x(s).
1
Let d be -11*(430/55 - 8). Let m(o) be the first derivative of 7 + d*o + 5/2*o**2. Give m(-3).
-13
Let k(t) = 10*t**2 - 38*t - 37*t - 2 + 77*t. What is k(1)?
10
Let z = -551 + 546. Let g(i) = -i**2 - i + 10. What is g(z)?
-10
Let v(r) be the second derivative of r**7/2520 - r**6/360 - r**4/3 + 10*r. Let c(i) be the third derivative of v(i). Give c(5).
15
Let s be (-9)/36 + (-98)/(-8). Let a(m) = m + 4. Give a(s).
16
Let o(q) = 3*q + 12*q + 9 - 13*q - 6*q. What is o(6)?
-15
Let g(y) be the first derivative of 2*y**3/3 - 2*y**2 + 4*y - 31. What is g(5)?
34
Suppose -16 = -2*o - 6*o. Let l(y) = 0*y**2 + 1 + 3*y**o + 1 - 4. What is l(2)?
10
Let s(p) be the second derivative of 0 - 18*p - 2*p**3 - 1/12*p**4 - p**2. Calculate s(-12).
-2
Let t(x) = -6*x**3 - x**2 - 3. Let n(g) = 7*g**3 - g + 4. Let c(z) = 5*n(z) + 6*t(z). Suppose -12*y - 112 = -880. Suppose -12*j = 4*j + y. Determine c(j).
-10
Let w be 2/(-3)*(-6)/2. Let a be 4/(4/3) - 3. Let c(p) = -122*p**2 + p + 123*p**2 + a - 3 + 1. Determine c(w).
4
Let d(m) be the second derivative of -13*m**3/6 - 90*m. Give d(-1).
13
Suppose 0 = 9*u - 11 - 7. Suppose j = u*j + 3. Let l(y) = -y**3 - 2*y**2 + y + 1. Determine l(j).
7
Let g(s) be the second derivative of -3*s**5/10 - s**4/12 + s**2/2 - 16*s - 1. Give g(-1).
6
Suppose -2*w = -2*x - w + 8, 8 = -2*x + 5*w. Let z(b) = 1 + 4*b - b**3 - 5*b - x*b**3. What is z(1)?
-7
Let b(f) = -f**2 + 2*f - 3. Let x be -2*(-8)/6*(-6)/(-4). Suppose x*o - 3 = 5. Calculate b(o).
-3
Let f(h) = -h**2 + 12*h - 10. Let z(m) = 27*m + 225. Let b be z(-8). Calculate f(b).
17
Let l(w) be the third derivative of w**5/30 + 13*w**4/24 - w**3 - 111*w**2. Calculate l(-7).
1
Let v(i) = i**2 + 6*i + 4. Let x(h) = h + 10. Let b be x(-6). Let l be (-2)/(-5) + 169/65. Suppose b*z + l = -9. Give v(z).
-5
Let i(a) = 2*a**3 - a - 1. Let l(n) = n**3 - n - 1. Let o(s) = 4*i(s) - 3*l(s). Suppose -5*w - 5 + 0 = 0. Give o(w).
-5
Let i(s) = s**2 + s + 4. Let b(a) = -a**2 - a - 3. Let j(t) = -5*b(t) - 4*i(t). Let o(q) = -q**2 - 2*q. Let z be o(1). What is j(z)?
5
Suppose -4*u = 6*u + 60. Let l(y) = -y**2 - 6*y - 8. Determine l(u).
-8
Let z = 146 - 144. Let b(g) = -g**2 + z*g**2 - 2 + g**2 + 0*g**2. Suppose 3*n + 6 = n. Give b(n).
16
Let l(g) = -7*g**2 + 4*g - 11. Let r(h) = -8*h - 2. Let c be r(-1). Let i(w) = w**2 + 1. Let x(y) = c*i(y) + l(y). What is x(5)?
-10
Let d(i) = 4 + 38*i + 29*i**2 - 3 - 42*i + 5*i. Give d(-1).
29
Let w(a) = -a**3 - 3*a**2 - 3*a + 1. Suppose y - 3*h + 89 = 0, y - 4*h + 30 = -64. Let f = -77 - y. Calculate w(f).
10
Let r(x) = x**2 - 9*x + 10. Let o be (-3)/27 + 56/18. Let n(z) = 2*z**2 - 18*z + 21. Let k(a) = o*n(a) - 7*r(a). What is k(10)?
-17
Let k(q) = 2*q + 4 - 5 + q. What is k(-1)?
-4
Let t = 2117 + -2096. Let k(w) = -w**3 + 20*w**2 + 20*w + 14. Give k(t).
-7
Let w(a) = -3*a**2 + 17*a - 75. Let i(v) = v**2 + v + 21. Let t(d) = -2*i(d) - w(d). What is t(16)?
-15
Let z(a) = 3028*a - 1 - 3028*a - a**2. Determine z(0).
-1
Let z(k) = 3*k**2 - 12*k - 3. Let w(x) be the second derivative of -x**4/12 + x**3/6 - x**2/2 - 13*x. Let d(t) = -4*w(t) - z(t). Give d(-6).
-5
Let k(r) = 3*r**2 - 4*r - 9. Let q = 112 - 121. Let l(o) = o**2 - o - 2. Let f(j) = q*l(j) + 2*k(j). Give f(-2).
-14
Let r(t) = -19*t**2 + 1. Suppose -31 + 21 = -10*j. Determine r(j).
-18
Let v be -2*(1 + -2 + 0). Let a = -843 + 843. Let w(d) = 1 + 2*d**2 + d**3 + 0*d**2 + 3 - 2*d + a*d**v. Give w(-3).
1
Suppose -118 = 65*u - 39 - 469. Let c(k) = 3*k**3 - 7*k**2 + 5*k - 3. Let t(r) = -r**3. Let a(b) = -c(b) - 2*t(b). Calculate a(u).
9
Let w(r) be the first derivative of r**4/4 - r**2 - 4*r - 172. Give w(3).
17
Let q(r) be the third derivative of -r**4/12 + 5*r**3/2 + 7*r**2 - 3*r. Calculate q(7).
1
Let m(q) = -3*q**2 - 4*q + 3 - 7*q - 3*q**2 + 5*q**2 - 1. Give m(-8).
26
Suppose -728*t = -725*t - 21. Let x(y) be the first derivative of y**2/2 - 3*y - 1. What is x(t)?
4
Let c(y) = 4*y**3 + 13*y**2 - 17*y + 1. Let l(x) = -7*x**3 - 27*x**2 + 34*x - 1. Let k(a) = 5*c(a) + 3*l(a). Determine k(-17).
2
Let m(z) be the third derivative of z**7/840 - 7*z**6/360 + z**5/20 - z**4/8 - 11*z**3/6 - 2*z**2. Let r(b) be the first derivative of m(b). Calculate r(6).
-3
Let j(z) be the second derivative of -z**4/12 + 7*z**3/6 - 3*z**2 - 2*z. Let u = 111 + -105. Let f be j(u). Let m(r) = -r - 11. What is m(f)?
-11
Let l(o) be the first derivative of -5*o + 1/3*o**3 + o**2 - 53. Calculate l(-4).
3
Suppose 2*t + 4*x = 38, 3*t + 2*x - 60 = -x. Let r be t/9*3 - 2. Let z(p) = -2 + 5*p - 4 - p**2 + 0*p**2. Determine z(r).
-6
Let l(b) = b**2 - 6*b - 6. Let t be -7 - (0/(-1) - -4). Let u be t/44 + 66/8. Give l(u).
10
Suppose -2*d + 3*d - 3*k + 1 = 0, 4*d + 4*k + 20 = 0. Let u(a) = a**3 + 7*a**2 + 4*a + 5. What is u(d)?
37
Let h(v) = -v**2 + 12*v + 366. Let x be h(26). Let c(f) = 2*f**3 - 3*f**2 + 2*f - 4. Calculate c(x).
4
Let n(a) = 194*a**2 + 35*a - 190*a**2 + 13*a + 3 - 25*a. Give n(-6).
9
Let s be (-90)/12 + (-2)/4. Let z(c) = -9 + 30 - 18 - 83*c**2 + 75*c**2 - c**3. Give z(s).
3
Let j(z) be the second derivative of -z**3/6 + z**2/2 - z. Let a be 60/(-24)*8/(-10). Suppose 4*y = 2*l - 2, 2*l - a*y + 3 = 5*l. Calculate j(l).
0
Let l(d) = -d**3 + 18*d**2 - 16*d - 13. Let g be l(17). Let h(w) = w - 8. What is h(g)?
-4
Let z(h) = -2*h**3 - 12*h**2 + 28*h - 4. Let x be z(2). Let u(c) = -c**2 - 12*c - 6. Calculate u(x).
-6
Let t = 84 - 81. Suppose -3*z - t = 6. Let o(g) = -g + 3. Give o(z).
6
Suppose -8 = 4*i - 2*i. Let y(k) be the first derivative of -1/2*k**2 + 4*k - 1/3*k**3 - 6. Determine y(i).
-8
Let b(h) = 14*h - 2. Let x(j) = -j**3 - 23*j**2 + 51*j + 26. Let n be x(-25). Determine b(n).
12
Suppose 5*k - 66 = 5*u + 19, 3*u = -4*k + 54. Let m(l) = 8*l**2 - 6*l + 3*l - k*l**2 + 2*l. Calculate m(1).
-8
Let s = -179 + 204. Let i(a) = a**3 - 25*a**2 + a - 22. Give i(s).
3
Let g(c) = 3*c - 15*c - c + 5*c + 4*c. Let n be ((-2)/(-3))/(6/(-9)). Calculate g(n).
4
Suppose -899*j + 15 = -894*j. Let l(s) = -7*s**3 + 9*s**2 + 10*s - 6. Let o(g) = -10*g**3 + 13*g**2 + 15*g - 9. Let x(i) = -7*l(i) + 5*o(i). What is x(j)?
3
Let q be -5 + 48/4 - (-11 + 5). Let o(n) = n**3 - 13*n**2 + 2*n - 32. Wh